 7. What is the remainder when m(6) is divided by 10?
7
Let t = -1 + 5. Suppose 4*h = -0*j - 2*j + 14, 5*h - 13 = -t*j. What is the remainder when 17 is divided by h?
2
Let w be (-2)/(-8)*2*0. Let f be 5 - (-1 + 1 + w). Suppose 2*t - 28 = -j, 2*t - 4*j = f*t - 32. What is the remainder when t is divided by 9?
7
What is the remainder when (25/(-10))/((-3)/6) is divided by 3?
2
Let i = -8 + 20. Let z = 94 - 11. Calculate the remainder when z is divided by i.
11
Suppose -9 = a + 2*a, 45 = 3*b - 3*a. Let s be 1412/7 + (-2)/(-7). Calculate the remainder when (-1)/(-3) - s/(-6) is divided by b.
10
Let i(a) = 2*a**3 + 7*a**2 - a + 6. Let h(k) = -3*k**3 - 10*k**2 + 2*k - 9. Let s(r) = -5*h(r) - 8*i(r). Calculate the remainder when 17 is divided by s(-6).
8
Suppose -8*j + 136 = -32. Calculate the remainder when 60 is divided by j.
18
Let v(l) = -22*l + 11. What is the remainder when v(-5) is divided by 42?
37
Let w = -11 + 22. What is the remainder when w is divided by 7?
4
Suppose s - 4 + 0 = 0. Let k = 6 - s. What is the remainder when 4 is divided by k?
0
Suppose 0 = -5*n + 3*l + 160, 6*n - 4*l - 49 = 5*n. Calculate the remainder when n is divided by ((-24)/(-30))/((-2)/(-25)).
9
Suppose -2*p - 2*p + 40 = 0. Let l be 2 + p/2 + -2. Suppose -34 = l*v - 7*v. What is the remainder when v is divided by 9?
8
Let n(l) = -l - 1. Let z be n(-6). Suppose 8 = -5*r - 12, z*p + r - 246 = 0. Suppose 2*d = p - 18. What is the remainder when 47 is divided by d?
15
Let h(q) = q**2 + 22*q + 32. What is the remainder when 157 is divided by h(-22)?
29
Let s(g) = -g + 28. Calculate the remainder when 34 is divided by s(10).
16
Suppose 160 = -12*n + 616. What is the remainder when 149 is divided by n?
35
Let y(g) = 6*g**3 + 2*g**3 + 4 - 7*g**3. Calculate the remainder when 7 is divided by y(0).
3
Let p(i) = -i**3 + 4*i**2 + 4*i - 5. Calculate the remainder when p(-4) is divided by 27.
26
Suppose 24 = 5*r - 6. Suppose 6*v + 15 = 9*v. Suppose -2*t = -v*c + 1 - 31, -4*c = -5*t + 75. Calculate the remainder when t is divided by r.
3
Suppose 0 = m - 3*m + 2. Let n(r) = -r**2 - 8*r + 10. Calculate the remainder when m is divided by n(-9).
0
Let k(o) = -o**3 + 8. Suppose 0*x = -2*x. What is the remainder when 21 is divided by k(x)?
5
Suppose -3*l + 8*l - 14 = -3*a, 0 = -2*l + 5*a - 13. Let q(t) = l + 48*t - 2 + 1 + 1. What is the remainder when q(1) is divided by 17?
15
Suppose -2*m - 3*q - 6 = -3*m, 0 = 5*m + 3*q - 102. What is the remainder when m is divided by 5?
3
Let a be 164/(-20) + (-1)/(-5). Let h = -4 - a. Calculate the remainder when (0 + -3)/((-1)/2) is divided by h.
2
Let f(d) = -2*d - 8. What is the remainder when f(-19) is divided by 16?
14
Suppose 0*t = -3*t + 21. Calculate the remainder when 20 is divided by t.
6
Let h = 113 + -45. Calculate the remainder when h is divided by 2/(-1) - -25*1.
22
Let y(t) be the second derivative of t**3/3 - t**2/2 + 5*t. Calculate the remainder when y(13) is divided by 14.
11
Suppose -l = -2*l + 32. Calculate the remainder when l is divided by (-242)/(-14) + 10/(-35).
15
Let i(g) = -3 - g**2 + 3 - 6*g. Calculate the remainder when (-13)/(-1 + 2 + -2) is divided by i(-5).
3
Suppose -3*a + 0 + 2 = -f, -4*a + 56 = 4*f. Let v = -2 + f. Let q = v + -4. What is the remainder when 11 is divided by q?
3
Let i = -4 + 7. Suppose 3*y - 117 = 3*v, 2*y + i*v - 14 - 59 = 0. Let j = -19 + y. What is the remainder when 36 is divided by j?
17
Let u(m) = m - 9. Let b be u(-6). Let c be (-2665)/(-7) - 2/(-7). What is the remainder when 9/15 - c/b is divided by 9?
8
Let u(b) = -b**2 - 14*b + 4. What is the remainder when 17 is divided by u(-14)?
1
Suppose 11 = r - 18. Let g = r - 20. Calculate the remainder when 44 is divided by g.
8
Let d(n) = 50*n**2 + 7*n + 8. Calculate the remainder when d(-2) is divided by 65.
64
Suppose -2*w - 14 = -130. Suppose -80 = -5*h + g, -4*h - 4*g + w + 30 = 0. What is the remainder when 49 is divided by h?
15
Let l(n) = n + 9. Calculate the remainder when 85 is divided by l(2).
8
Let u(c) = c**3 + 2*c**2 + 2*c - 4. Let h be u(3). Let x = 95 - h. What is the remainder when 22 is divided by (-3)/(-2)*x/9?
6
Let u be 7/((-14)/(-12)) - -2. What is the remainder when u/((4/11)/2) is divided by 15?
14
What is the remainder when 39 is divided by (-6)/9 + ((-130)/3)/(-5)?
7
Let z = -74 + -30. Let v be (-27)/6*z/(-6). Calculate the remainder when 25 is divided by (6/9)/((-4)/v).
12
Suppose 0 = 6*v - v. Let m = v + 11. Calculate the remainder when 31 is divided by m.
9
Suppose 0 = 4*g - g - 6. Let d(y) = 13*y. What is the remainder when 50 is divided by d(g)?
24
Let f(x) be the third derivative of -x**6/120 + x**5/60 + x**4/8 + x**3/6 + x**2. Suppose 5*z - 6*z = 2. What is the remainder when f(z) is divided by 3?
1
Calculate the remainder when (4 - (-40)/(-12))/((-4)/(-186)) is divided by 4.
3
Suppose 4*s + 279 = -3*d, -2*s - 285 = -0*d + 3*d. Let z = d + 161. Suppose -h + 5*x + 5 = -11, 4*h - 4*x = z. What is the remainder when h is divided by 9?
7
Suppose 3*v + v = 76. What is the remainder when v is divided by 7?
5
Suppose 81 = 5*j + 4*a, -4*a = -0 + 4. What is the remainder when j is divided by 10?
7
Suppose -41 = -2*y - l, 2*y + 5*l + 5 = 34. Let n = 5 + -1. Let i = n - -4. What is the remainder when y is divided by i?
6
Suppose 3*h - 3*c + 1 = 28, -c + 9 = 2*h. What is the remainder when 28 is divided by h?
4
Suppose 5*r + 0*w = w + 56, -3*w = 4*r - 41. What is the remainder when 41 is divided by r?
8
Calculate the remainder when 7 is divided by -2 + 0 + (4 - 0).
1
Let v = 4 + 0. Let n = 11 - v. Let u(a) = -a**3 + 6*a**2 + 9*a + 9. Calculate the remainder when u(n) is divided by 8.
7
Suppose -2*d + 2 - 4 = 0. Let l = 16 + -12. Calculate the remainder when l is divided by -1 + 4 + 1 + d.
1
Suppose -p + 2*p + 3*h - 7 = 0, -3*p + 4*h + 73 = 0. Calculate the remainder when 37 is divided by p.
18
Let u = 14 - 11. Let h = 17 + u. Suppose q + 4*g = -1, 4*q - 2*q + 5*g = 7. What is the remainder when h is divided by q?
9
Suppose 0 = -4*k + 2*k + 32. What is the remainder when 45 is divided by k?
13
Let h(l) = l**3 + 6*l**2. Let s be h(-6). Calculate the remainder when 39 - (-1 - s) - -2 is divided by 11.
9
Let p be 2/(-7) - 1734/(-42). Let y = p + -23. What is the remainder when 35 is divided by y?
17
Let m = 2 + 3. What is the remainder when 7 is divided by m?
2
Suppose 0 = -2*d + 8*d - 48. What is the remainder when 71 is divided by d?
7
Let v(a) = -7*a + 3. Let w be v(-6). Let g = -19 + w. Calculate the remainder when g is divided by 14.
12
Suppose 4*x - 142 - 6 = 0. What is the remainder when 120 is divided by x?
9
Let q = 44 - 28. Suppose 2*x = -3*w + 22, -2*w + 5*w + 22 = 2*x. Let k = 41 - x. Calculate the remainder when k is divided by q.
14
Let j be (-2)/12 - (-38)/12. Suppose -5*w + 3*p = -15, -j*p = 2*p. Suppose 0*h = -4*h - a + 31, w*h - 2 = -5*a. What is the remainder when h is divided by 6?
3
Suppose -4*a + 252 = 4*l, -2*a - 5*l = -0*a - 111. Suppose g - 25 = -2*b, -g + 3 = -5*b - 15. What is the remainder when a is divided by g?
22
Suppose 5*j = j + 3*i + 36, 36 = 4*j - 4*i. Calculate the remainder when 35 is divided by j.
8
Let h(d) = d**2 - 5*d - 6. Let l be h(6). Suppose -c - z - 70 = -3*c, c - 2*z - 41 = l. What is the remainder when c is divided by 18?
15
Suppose -c - 1 - 1 = 0. Let u(i) = -9*i - 1. What is the remainder when u(c) is divided by -1*2 - (-11)/1?
8
Suppose 0 = -k + 5, 3*k = 3*w - w + 25. Calculate the remainder when (16/w)/4*-65 is divided by 18.
16
Let g = -57 - -138. What is the remainder when g is divided by 21?
18
Let p(n) = -n - 8. Let c be p(-5). Let g be c - 0 - 96/(-3). Let j = 52 - g. What is the remainder when 68 is divided by j?
22
Suppose 2*r + 0 = 3*w + 4, -2*w + 19 = 3*r. What is the remainder when 9 is divided by r?
4
Suppose -5*t = -7*t + 8. Suppose -6 = -4*b + 14. What is the remainder when b is divided by t?
1
Suppose 0 = -0*k + 4*k + x - 136, -3*k = 5*x - 119. What is the remainder when k is divided by 18?
15
Suppose 0 = -7*w + 2*w + 115. Calculate the remainder when w is divided by 13.
10
Calculate the remainder when (-49 - -4)/(-2 + 1) is divided by 8.
5
Let y be (-15 - -16)*2*(-14)/4. Let z = 36 - 51. Let n = y - z. Calculate the remainder when 21 is divided by n.
5
Let 